hat is -110 (base 2) in base 8?
-6
Convert -10 (base 2) to base 9.
-2
What is 2 (base 8) in base 10?
2
-3 (base 7) to base 14
-3
-14 (base 8) to base 11
-11
What is 3 (base 10) in base 8?
3
What is 82 (base 14) in base 6?
310
Convert 6a (base 12) to base 14.
5c
Convert 16 (base 16) to base 2.
10110
Convert 10000011 (base 2) to base 11.
10a
Convert -42 (base 6) to base 7.
-35
Convert 11 (base 15) to base 8.
20
Convert -23 (base 4) to base 13.
-b
What is 32 (base 15) in base 16?
2f
Convert -1 (base 6) to base 9.
-1
-9 (base 11) to base 2
-1001
-275 (base 8) to base 3
-21000
17 (base 14) to base 16
15
What is 45 (base 12) in base 6?
125
What is -4 (base 7) in base 14?
-4
210 (base 3) to base 6
33
Convert 0 (base 5) to base 4.
0
0 (base 6) to base 15
0
Convert 2 (base 9) to base 6.
2
What is -1b (base 12) in base 4?
-113
3 (base 5) to base 11
3
-18 (base 11) to base 15
-14
What is -3 (base 11) in base 10?
-3
What is a0 (base 16) in base 10?
160
-12 (base 7) to base 11
-9
-245 (base 8) to base 13
-c9
What is -124 (base 7) in base 9?
-74
Convert b4 (base 13) to base 15.
9c
What is -2 (base 15) in base 3?
-2
20 (base 12) to base 6
40
Convert 15 (base 15) to base 6.
32
-3 (base 13) to base 2
-11
What is -10 (base 3) in base 9?
-3
Convert -a (base 16) to base 15.
-a
What is -35 (base 7) in base 14?
-1c
7 (base 16) to base 8
7
10 (base 9) to base 13
9
Convert -128 (base 13) to base 15.
-d8
What is -13 (base 13) in base 11?
-15
What is -3d (base 15) in base 10?
-58
Convert -e (base 16) to base 5.
-24
-10 (base 6) to base 8
-6
110 (base 2) to base 11
6
0 (base 7) to base 6
0
Convert 240 (base 7) to base 12.
a6
Convert -54 (base 12) to base 10.
-64
-1420 (base 5) to base 13
-151
Convert 18 (base 13) to base 4.
111
-1532 (base 6) to base 3
-120102
-17 (base 10) to base 6
-25
What is 124 (base 8) in base 5?
314
Convert -21 (base 3) to base 16.
-7
Convert -10 (base 4) to base 11.
-4
What is 2 (base 7) in base 5?
2
What is 1102 (base 4) in base 14?
5c
What is -ab (base 14) in base 5?
-1101
Convert 1a (base 11) to base 8.
25
What is -1 (base 9) in base 14?
-1
-251 (base 10) to base 15
-11b
2 (base 7) to base 10
2
Convert -11 (base 2) to base 16.
-3
5 (base 9) to base 5
10
Convert 10120 (base 4) to base 5.
2110
1032 (base 4) to base 5
303
Convert -5 (base 10) to base 13.
-5
What is 2 (base 4) in base 7?
2
Convert -17 (base 11) to base 5.
-33
What is -123 (base 4) in base 2?
-11011
What is 0 (base 8) in base 12?
0
Convert 4 (base 13) to base 15.
4
Convert 19 (base 10) to base 8.
23
What is a4 (base 16) in base 3?
20002
Convert -8 (base 16) to base 13.
-8
Convert 130 (base 5) to base 10.
40
57 (base 10) to base 2
111001
-107 (base 10) to base 13
-83
Convert 0 (base 15) to base 13.
0
2 (base 5) to base 14
2
Convert -34 (base 7) to base 4.
-121
What is 2 (base 5) in base 16?
2
What is -44 (base 16) in base 11?
-62
What is -102 (base 7) in base 13?
-3c
-46 (base 9) to base 4
-222
Convert -7 (base 10) to base 8.
-7
What is 3 (base 11) in base 3?
10
What is 16 (base 12) in base 15?
13
Convert 1b (base 14) to base 3.
221
5 (base 14) to base 3
12
Convert -11 (base 13) to base 14.
-10
What is -4 (base 14) in base 10?
-4
What is 102 (base 3) in base 14?
b
What is 36 (base 8) in base 4?
132
Convert 172 (base 8) to base 16.
7a
Convert 434 (base 7) to base 11.
191
What is 1 (base 15) in base 2?
1
Convert -3 (base 8) to base 4.
-3
Convert -3 (base 4) to base 14.
-3
Convert -3 (base 15) to base 11.
-3
Convert 5c (base 16) to base 3.
10102
What is -1 (base 3) in base 5?
-1
Convert 84 (base 16) to base 4.
2010
-2 (base 16) to base 14
-2
17 (base 10) to base 8
21
Convert 11 (base 15) to base 8.
20
Convert -1a (base 16) to base 10.
-26
-1002 (base 3) to base 11
-27
-1100011 (base 2) to base 9
-120
What is 33 (base 4) in base 13?
12
Convert 10 (base 16) to base 4.
100
Convert -12 (base 3) to base 9.
-5
c9 (base 14) to base 13
108
2c (base 15) to base 8
52
22 (base 9) to base 3
202
-1 (base 3) to base 10
-1
-511 (base 6) to base 15
-c7
What is -1 (base 5) in base 8?
-1
22 (base 6) to base 5
24
What is -13d (base 15) in base 2?
-100011011
What is -4 (base 15) in base 2?
-100
Convert 313 (base 6) to base 9.
140
-4 (base 7) to base 6
-4
Convert -6 (base 15) to base 5.
-11
2 (base 16) to base 5
2
What is 1 (base 8) in base 16?
1
What is 2 (base 16) in base 6?
2
Convert 0 (base 4) to base 10.
0
What is -10 (base 9) in base 6?
-13
What is -177 (base 13) in base 15?
-12c
305 (base 11) to base 2
101110000
-b (base 13) to base 4
-23
Convert -38 (base 11) to base 15.
-2b
Convert -20 (base 4) to base 11.
-8
What is 100101 (base 2) in base 15?
27
Convert -7 (base 16) to base 13.
-7
What is 3 (base 6) in base 3?
10
What is -5 (base 12) in base 13?
-5
80 (base 13) to base 16
68
What is -11 (base 6) in base 14?
-7
Convert 3 (base 12) to base 8.
3
Convert 1233 (base 5) to base 14.
db
What is -227 (base 10) in base 12?
-16b
What is 406 (base 7) in base 11?
174
What is 1023 (base 4) in base 6?
203
-42 (base 16) to base 4
-1002
4 (base 11) to base 6
4
Convert 31 (base 7) to base 10.
22
-2a (base 16) to base 14
-30
Convert -100101101 (base 2) to base 10.
-301
Convert 68 (base 13) to base 4.
1112
What is -1000110 (base 2) in base 12?
-5a
0 (base 3) to base 4
0
Convert -1c (base 13) to base 8.
-31
What is 2 (base 10) in base 9?
2
What is -132 (base 5) in base 14?
-30
What is -13 (base 6) in base 14?
-9
3a (base 11) to base 2
101011
Convert -1 (base 6) to base 7.
-1
af (base 16) to base 15
ba
Convert 20 (base 5) to base 10.
10
Convert 24 (base 15) to base 5.
114
What is -63 (base 8) in base 9?
-56
What is 51 (base 6) in base 3?
1011
-36 (base 8) to base 4
-132
Convert -21 (base 15) to base 8.
-37
What is -1 (base 7) in base 8?
-1
What is 0 (base 7) in base 3?
0
Convert 18 (base 10) to base 13.
15
What is 3a (base 15) in base 12?
47
Convert 119 (base 11) to base 4.
2031
Convert -75 (base 10) to base 6.
-203
Convert 3 (base 8) to base 3.
10
Convert 4 (base 13) to base 10.
4
What is -22 (base 4) in base 7?
-13
What is -3 (base 8) in base 6?
-3
78 (base 12) to base 6
232
-2032 (base 4) to base 15
-97
What is 0 (base 11) in base 7?
0
Convert 17 (base 14) to base 16.
15
Convert -37 (base 8) to base 16.
-1f
What is -2 (base 13) in base 5?
-2
-110 (base 4) to base 7
-26
-7 (base 16) to base 4
-13
What is 8 (base 13) in base 8?
10
What is -4 (base 7) in base 4?
-10
What is 4 (base 6) in base 2?
100
What is -5 (base 14) in base 15?
-5
Convert 14 (base 10) to base 11.
13
Convert -2 (base 5) to base 10.
-2
What is -6 (base 9) in base 6?
-10
Convert 1 (base 2) to base 8.
1
What is -7 (base 16) in base 8?
-7
What is -143 (base 6) in base 5?
-223
a (base 14) to base 10
10
-9 (base 13) to base 3
-100
5 (base 15) to base 4
11
2 (base 4) to base 13
2
What is 22 (base 3) in base 4?
20
-7 (base 11) to base 15
-7
What is 401 (base 8) in base 15?
122
Convert -3 (base 4) to base 15.
-3
Convert 5 (base 15) to base 8.
5
-11 (base 4) to base 16
-5
Convert 4 (base 7) to base 16.
4
What is 2 (base 7) in base 12?
2
What is 12 (base 6) in base 13?
8
1 (base 7) to base 9
1
What is 2 (base 3) in base 16?
2
Convert 1 (base 15) to base 4.
1
-6 (base 12) to base 15
-6
3 (base 5) to base 14
3
Convert -103 (base 8) to base 14.
-4b
Convert 0 (base 14) to base 15.
0
What is 4 (base 14) in base 3?
11
-2 (base 14) to base 12
-2
What is 1001 (base 2) in base 12?
9
Convert 102 (base 8) to base 14.
4a
Convert 2 (base 10) to base 15.
2
Convert -2 (base 9) to base 4.
-2
-19 (base 13) to base 10
-22
9 (base 12) to base 3
100
-116 (base 9) to base 7
-165
What is -1101011 (base 2) in base 8?
-153
What is 3 (base 12) in base 14?
3
Convert -240 (base 8) to base 9.
-187
What is d (base 15) in base 13?
10
Convert 1 (base 3) to base 10.
1
-264 (base 7) to base 11
-121
1101111 (base 2) to base 11
a1
What is 5 (base 9) in base 8?
5
4 (base 11) to base 7
4
What is 1 (base 3) in base 9?
1
Convert -47 (base 10) to base 4.
-233
-2 (base 12) to base 13
-2
-2 (base 13) to base 12
-2
-1112 (base 3) to base 14
-2d
Convert -13 (base 9) to base 2.
-1100
Convert -31 (base 6) to base 15.
-14
-4 (base 6) to base 8
-4
-11 (base 5) to base 7
-6
What is -20120 (base 3) in base 11?
-151
What is 13 (base 7) in base 3?
101
Convert -7 (base 16) to base 14.
-7
What is 10 (base